t common divisor of 226 and n.
113
Let y(s) = -s**3 - 15*s**2 + 35*s + 31. Let o be y(-17). Suppose 4*r - 565 = -5*v + 3*r, -3*v + 5*r + 311 = 0. Calculate the greatest common divisor of o and v.
14
Let o be 98/16 - 54/432. Suppose -6 = o*b - 114. Suppose a - y = -1, 4*y + 0*y - 12 = 0. What is the highest common divisor of a and b?
2
Suppose -147 = -l + k + k, -4*l - k = -543. Let o = l - 49. What is the highest common divisor of o and 11?
11
Let a(f) be the third derivative of -f**6/120 + f**5/4 + f**4/6 - 5*f**3/2 - 38*f**2. Let s be a(15). Calculate the greatest common divisor of s and 5.
5
Let r = -2 - 11. Let c = 0 - r. Suppose 5*a = -2*y + 21, -2*y + 3*y = 4*a + 17. What is the greatest common divisor of c and y?
13
Suppose 2*s + s - 738 = -5*u, -3*s + 3 = 0. Let j = -92 + 113. What is the greatest common divisor of j and u?
21
Suppose 5*o + 3*c = 13, 2*o + c = -3*c + 8. Let k be o - (4/3 + -2)*132. Let y = -14 - -24. Calculate the greatest common divisor of k and y.
10
Let n(o) = 2*o**2 - o + 1311. Let f be n(0). Let g be (22/6 + -1)/(23/f). Calculate the greatest common divisor of g and 38.
38
Suppose 126*m - 129*m = -33. What is the highest common divisor of m and 594?
11
Let v be (-1)/((-6)/9*2/108). What is the greatest common factor of 513 and v?
27
Let g = -101 + 134. What is the greatest common factor of g and 253?
11
Suppose 96*p - 1045 = 91*p. Calculate the greatest common divisor of p and 38.
19
Let z = 160 + -98. What is the highest common factor of 93 and z?
31
Suppose -4*p = -189 + 53. Let v = -3972 - -3974. Calculate the greatest common divisor of p and v.
2
Let d(z) = -z**2 + 24*z - 23. Suppose s - 3*s + 58 = -5*o, -5*s + 99 = -o. Let t be d(s). Calculate the highest common factor of t and 18.
18
Let l(d) = -2*d + 36. Let c be l(-6). Let p = -40 + c. Suppose 3*u = 179 + 13. Calculate the highest common factor of u and p.
8
Let q(h) = 34*h**2 + 2*h + 1. Let p be q(-2). Suppose 7 = -6532*d + 6533*d. Calculate the highest common divisor of p and d.
7
Suppose t + 0 = -3, -2*t - 66 = -3*p. Suppose -4*j + 2*n - 62 = 0, 7*j - 2*j = -n - 74. Let x = j + 235. Calculate the highest common factor of p and x.
20
Let b(l) = -2*l**2 + l - 3. Let r be b(2). Let k = r + 10. Suppose 1 - 10 = -3*n. What is the greatest common divisor of n and k?
1
Let j = -523 - -625. What is the highest common divisor of j and 6?
6
Suppose 0*c - 3*c + 360 = 2*l, -l = 0. Let r be -16*6/(-4)*(-2)/(-3). Suppose 17*z - 15 = r*z. What is the highest common factor of z and c?
15
Let p be 3 + -3 - (-1 + -7 + -1). What is the highest common divisor of 9 and p?
9
Suppose 2*f = w + 17, 5*f + 0*w - 3*w = 45. Calculate the highest common factor of f and 6.
6
Let y(v) = 3*v**2 - 22*v + 55. Let d be y(10). What is the highest common divisor of 60 and d?
15
Let c = -804 - -811. What is the highest common factor of c and 2?
1
Suppose -6*z + 3*z = -108. Let x be ((-50)/(-150))/(-1 + 37/z). Let d be (0 + 36)*2/3. Calculate the highest common divisor of x and d.
12
Let l be -6 - 4/(-1) - (1 - 5). Calculate the greatest common factor of l and 18.
2
Let b be (-2)/(54/72 - 298/376). Calculate the highest common divisor of 47 and b.
47
Let k be 16/(-20)*-5 - (-2 - 4). What is the greatest common factor of k and 20?
10
Let x(b) = 49*b**2. Let q be x(3). What is the highest common factor of q and 1617?
147
Suppose -2*r - 3*r - 3*u = -4, 0 = u - 3. Let p be ((-36)/(-1*4))/r. Let q be ((-368)/6)/(3/p). Calculate the greatest common divisor of 23 and q.
23
Suppose 3*p + 8*y - 2801 = -729, -3*p - 3*y + 2067 = 0. Calculate the highest common factor of p and 16.
16
Suppose -a = -0*a - 5. Let g be a + (-80)/(-12)*6. Calculate the highest common divisor of g and 10.
5
Let b be (-3)/(9 + (-465)/50). Let u = -53 - -103. Calculate the greatest common factor of u and b.
10
Let q(a) = a**2 + 37*a + 104. Let z be q(-36). Calculate the greatest common factor of 12 and z.
4
Let m be 25/15*3/1. Suppose 0 = -m*s + 783 + 42. Calculate the highest common factor of s and 33.
33
Let c(g) = -g + 21. Let z be c(10). Let k = 4 + z. What is the greatest common factor of 5 and k?
5
Let c(i) = -20*i + 411. Let v be c(12). What is the highest common factor of v and 72?
9
Suppose 0 = -15*l - 3*l + 1152. What is the greatest common divisor of l and 4?
4
Let z be ((-24)/36)/(1/3). Let j be (-20)/(-1) + ((-24)/6)/z. Let p(h) = h**3 + 3*h**2 + h - 2. Let y be p(3). Calculate the greatest common divisor of j and y.
11
Suppose 3*i + p = -101, 2*i + 2*p + 106 = -i. Let q = i + 33. Calculate the highest common factor of q and 8.
1
Suppose -2*h + 95 = 21. Let m be 1221/(-5 + 32/4). What is the highest common factor of m and h?
37
Let n(i) = -11*i - 3. Let p be n(-5). Suppose -r = -5*k + 12, 55 = 5*r - 3*k + k. What is the greatest common divisor of p and r?
13
Let c(v) = 43*v - 719. Let h be c(17). Calculate the greatest common factor of h and 160.
4
Let h be ((-290)/(-6))/(10/36). Calculate the greatest common divisor of 6 and h.
6
Let w(s) = 8*s + 161. Let m(o) = -o**2 + 5*o + 24. Let u be m(8). Let x be w(u). What is the greatest common divisor of 23 and x?
23
Suppose -17*g = -15*g - 34. Suppose 10*w = 2*f + 5*w - 349, 5*f - 4*w = 915. What is the greatest common divisor of f and g?
17
Let t = 229 + -144. Calculate the highest common divisor of 51 and t.
17
Let z be (-49852)/(-132) - (-1)/3*1. What is the highest common factor of 54 and z?
54
Let i(j) = 3*j**2 - 8*j + 12. Let h(z) = -z**2 - z + 1. Let d(m) = -2*h(m) - i(m). Let u be d(3). What is the highest common factor of u and 56?
7
Suppose 3*m - 17 = h, -m - h + 32 = 3*m. Let a = 18 - m. Let w = 6 - -71. What is the greatest common factor of a and w?
11
Let i(o) = -248*o + 3 - 2 + 137*o. Let x be i(-1). Calculate the greatest common divisor of x and 14.
14
Suppose 0 = 13*n - 18*n + 760. Let d = 19 + 0. Calculate the greatest common divisor of n and d.
19
Suppose 0 = -17*r + 8*r + 270. What is the highest common factor of 2670 and r?
30
Let f be (-25)/(-10)*(-764)/(-10). Let u = f - 131. What is the highest common factor of 24 and u?
12
Let i(j) = j**3 + 5*j + 8 + 3*j - 3 - 11*j**2 + 2*j. Let f be i(10). What is the highest common factor of 5 and f?
5
Let y = -92 + 96. Suppose -5*k + 16 = -9. Suppose 3*z + y = k*z. Calculate the greatest common divisor of 10 and z.
2
Let y(b) = 38*b - 4. Let d be y(6). Suppose -39*p + 74*p - 980 = 0. Calculate the greatest common factor of p and d.
28
Suppose -3*i + 807 = -3*h, 0 = i - 5*h - 235 - 18. Calculate the highest common divisor of 39 and i.
39
Suppose -163 + 3 = -2*m + a, 5*a + 20 = 0. Suppose 5*k - m = 2*p + 13, k = 5*p + 9. Calculate the greatest common factor of k and 1.
1
Let z be (2032/(-48) + (6 - 1))*-3. Calculate the highest common factor of 16 and z.
16
Suppose -5*c + 6 = -49. Let x = -16 + 27. Calculate the highest common factor of c and x.
11
Let d = -93 - -261. Let r be 18/4*28/6. Suppose -r + 0 = -t. What is the highest common factor of d and t?
21
Suppose 6*b - 2*b = 64. Let v(m) = m**2 - 3*m. Let r be v(9). Let u = r + b. What is the highest common factor of 10 and u?
10
Suppose 14*i + 23 - 9 = 0. Let f(x) be the second derivative of -10*x**3 + 2*x. Let c be f(i). What is the greatest common factor of c and 15?
15
Suppose 3*z - 5*q - 31 = -4, -4*z + 28 = -4*q. Suppose i = 2*k - 44, 36 = 5*k - z*i - 71. Calculate the greatest common factor of k and 69.
23
Let t = -123 + 459. Calculate the highest common divisor of t and 192.
48
Let f = 48 - -51. Let m be (12/10 - 1) + f/5. What is the greatest common factor of m and 100?
20
Let t be ((-4)/6)/(3 - (-961)/(-321)). Let r = 139 + t. Calculate the highest common factor of 80 and r.
16
Suppose -2*d + 7 + 21 = 0. Let y be 16*-5*(-4)/20. Suppose -y - 5 = -s. Calculate the highest common divisor of d and s.
7
Let z be (-1 - -1)/(-5 + 6). Suppose j - 4*m + 5*m = 1, z = 4*m - 16. Let c be (-275)/(-20) - j/12. What is the greatest common factor of 98 and c?
14
Suppose 26*n + 168 = 29*n. What is the highest common factor of n and 42?
14
Let s be (5 - (4 + -1))*2. Suppose -s*w - 12 = 4*v + w, -5*v - 3*w = 15. Let o = 29 + v. Calculate the highest common factor of o and 65.
13
Suppose -155*x = -272*x + 4680. Let y(q) = -q + 8. Let d be y(0). What is the highest c